 (1 - 0)*(-6 + 27). Let i = 2 - -1. Calculate the highest common factor of i and u.
3
Suppose -3*n + b + 36 = 3, 0 = 5*b + 15. What is the greatest common divisor of n and 10?
10
Let x be 4/14 - (-2008)/28. What is the highest common divisor of 48 and x?
24
Let n be (7 + 1)/((-2)/(-6)). Suppose 0 = 5*x + 5, 2*z - z + 2*x = n. Calculate the highest common factor of z and 13.
13
Let g = 24 - 17. Let p = g + 3. What is the greatest common factor of p and 2?
2
Let j be (-117)/(-4) - (-9)/12. Let m be -4*(14/4 - 1). Let c = j - m. Calculate the greatest common factor of c and 20.
20
Let g(n) = n**3 + 8*n**2 + 2*n - 4. Let w be g(-8). Let k = 28 + w. What is the greatest common factor of 20 and k?
4
Let l = -3 + 67. Let n be (3/6)/((-1)/(-18)). Suppose -n = m - l. Calculate the greatest common divisor of 5 and m.
5
Let h be (-1)/5*(-255)/(-68)*-32. Calculate the greatest common divisor of h and 48.
24
Suppose 3 = 2*k - 13. Suppose -4*q = -0 + k, -4*q - 16 = -x. Suppose 0 = 4*d - x*d + 48. Calculate the highest common factor of 4 and d.
4
Let j(p) = -p**2 + 17*p - 17. Let g be j(16). Let f(n) = 40*n**2 + n + 1. Let a be f(g). Let s = 10 + -5. Calculate the greatest common divisor of s and a.
5
Let g be 2*(1/(-2) + 3). Suppose g*y + 4 = 84. Calculate the highest common divisor of y and 112.
16
Suppose 0 = -2*m - m - 18. Let v be 1/(1 + 3/m). Let u = 37 + -19. What is the highest common factor of u and v?
2
Suppose 2*j + d - 2*d = -8, j - 2*d = 2. Let s be 4/j*234/(-12). Suppose 0 = 3*l - 31 - 86. What is the greatest common divisor of l and s?
13
Let q(f) be the second derivative of -f**5/20 - f**4 + 11*f**3/6 + 9*f**2 + 3*f. Let g be q(-13). Calculate the highest common factor of 4 and g.
4
Suppose 3*q + 14 = h, -2*h + 22 = -3*q - q. Suppose -4*g = 10*g - 490. What is the greatest common divisor of h and g?
5
Suppose 22 - 7 = -3*m, 17 = -2*k - 5*m. Let g(t) = 5*t + 3*t + 3*t - k*t - 7. Let n be g(9). Calculate the highest common divisor of 14 and n.
14
Let h = 85 - 29. Let f be 480/35 - 2/(-7). What is the highest common factor of f and h?
14
Suppose r = -5*z + 12, 0*z + 2*z = -r + 3. Suppose -5*s - 23 = -z*c, 0 = c - 5*s - 8 - 3. Calculate the greatest common divisor of 54 and c.
6
Let a be (2 + -4 - 0) + 89. Calculate the greatest common divisor of a and 29.
29
Suppose 0*i + 4*i + 2*y - 48 = 0, 4*y = 0. Calculate the highest common divisor of 12 and i.
12
Suppose -3*c = 4 - 112. Calculate the greatest common divisor of 90 and c.
18
Suppose 0 = 2*w + 3 - 11. Let p be 16/(-2)*(-3)/4. What is the highest common factor of p and w?
2
Let o = 743 - 397. Suppose 1054 - o = 3*i. Suppose 69 = w - b, -i = -3*w + 5*b - 35. Calculate the highest common factor of 8 and w.
8
Let k(u) = u**3 - 5*u**2 - 5*u - 2. Let w be k(6). Suppose 2*r - 90 + 2 = 0. What is the highest common divisor of r and w?
4
Let f be 48/36 + (-86)/6. Let l = f + 27. Calculate the greatest common divisor of 14 and l.
14
Let p(c) be the second derivative of c**4 - c**3/6 - c**2 - 3*c. Let l be p(-1). What is the highest common factor of l and 121?
11
Suppose r = 17 - 0. Suppose g - r + 5 = 0. What is the greatest common divisor of g and 84?
12
Let q = -141 - -151. What is the greatest common factor of q and 45?
5
Let y = 6 + 1. Let q(i) = 2*i**3 - 1. Let u be q(2). Let o be 531/u - (-2)/(-5). What is the highest common divisor of o and y?
7
Let b(z) = z**2 - 4*z - 2. Let n be b(6). What is the greatest common factor of n and 25?
5
Let h(r) = 4*r**2 + r. Let c be h(-2). What is the highest common divisor of c and 126?
14
Let o(d) = d**3 + 11*d**2 - 13*d + 1. Let h be o(-10). Let t = 24 - 3. Calculate the greatest common factor of h and t.
21
Let y(m) = -2*m + 13. Let a(w) = w + 1. Let l(f) = 5*a(f) - y(f). Let s be l(6). What is the highest common factor of s and 17?
17
Suppose -2*m + 9 = m. Calculate the highest common divisor of m and 24.
3
Let f = 22 + -11. Let x = -5 + f. Suppose 0 = -2*s - x + 46. Calculate the greatest common divisor of s and 8.
4
Suppose -10*a + 5*a = -100. What is the highest common factor of 8 and a?
4
Let z = 17 + -16. Let j be (14 + -12)/(z/20). Calculate the greatest common factor of 8 and j.
8
Let v be (-24)/((-9)/(-3))*(-147)/12. Calculate the highest common factor of 14 and v.
14
Suppose -27 = -y - 4*d, -y + 3*d - 2 = -8. Let r be (-1)/((-1)/8) - 2. Let v = y - r. What is the greatest common factor of v and 6?
3
Let a(j) = 2*j**2 + 24*j - 2. Let o be a(-13). What is the highest common factor of o and 192?
24
Let j(x) = x**2 - 12*x + 16. Let o be j(10). Let n(i) = -3*i - 7. Let u be n(o). What is the highest common divisor of 40 and u?
5
Suppose -5*o + 71 - 26 = 0. What is the greatest common factor of 72 and o?
9
Let b(k) = 2*k**2 - 10*k - 40. Let y be b(10). Calculate the greatest common divisor of 36 and y.
12
Let w(o) = 3*o**2 - 12*o - 14. Let v be w(6). What is the highest common divisor of 154 and v?
22
Let q = 23 - 22. What is the highest common divisor of 3 and q?
1
Let x be ((-60)/(-14))/(14/(-392)). Let s be x/(-4) - (-2 + -1). Suppose 2*l - l = 11. What is the greatest common factor of s and l?
11
Let u be ((-40)/(-14))/(18/63). Calculate the highest common divisor of u and 4.
2
Let k(t) = 2*t + 1. Let l be k(-4). Let j be (-1)/((2/l)/2). Calculate the highest common divisor of 63 and j.
7
Suppose -3*j = -j - 1324. Let z be j/6 + 5/(-15). Suppose -5*i + 3*i = -z. What is the highest common divisor of 22 and i?
11
Let u be 1/(-3) - 651/(-9). Suppose -u = -k - k. Calculate the greatest common divisor of k and 9.
9
Suppose 2*z = -8, -3*g - 5*z + 39 = -1. Suppose -h = v - 2, 4*v - 5 = 2*h + 15. Suppose 2*r - v = 4. What is the highest common factor of g and r?
4
Suppose 5*q - 3*q = s + 24, 2*s + 62 = 5*q. Let u be (-444)/(-14) + 4/q. Suppose 0 = -2*r + 4*r - 8. Calculate the greatest common factor of u and r.
4
Let n be (1 - -4)*(-16)/(-20). Let s(c) = c**3 - 3*c**2 + 5*c - 4. Let j be s(n). What is the highest common divisor of 352 and j?
32
Suppose -521 - 119 = -5*u. Suppose 2*v + 2*v - u = 0. Suppose 2*y - v = -2*y. Calculate the highest common divisor of 40 and y.
8
Suppose 5*g = 3*r + 25, -3*r + 13 = 2*g + 3. Let k be (-1 + -5)*(-6 - r). Let i be k/15*(-60)/(-2). Calculate the highest common divisor of 8 and i.
8
Suppose 0 = i - 2. Suppose 0 = 2*j + i*j - 36. What is the greatest common divisor of j and 45?
9
Let n(l) = 12*l**2 - 10*l. Let d(z) = -z**3 - 11*z**2 - 9*z + 14. Let j be d(-10). Let y be n(j). Calculate the greatest common factor of y and 19.
19
Let b = -17 + 29. What is the highest common factor of b and 132?
12
Suppose -2*x - 3*b = -13 - 6, x + 13 = 3*b. Suppose 3*c + 8 - 25 = 5*o, -5*o + 11 = -c. Calculate the greatest common factor of x and c.
2
Let d be -4 - (-3 + (-10 - -3)). Calculate the greatest common divisor of d and 2.
2
Let j be 48/26 + 2/13. Suppose 0 = -2*c + 3*p - 4, -j*p + 0 = -3*c + 4. What is the highest common divisor of 28 and c?
4
Let w = 38 + -30. What is the greatest common divisor of 40 and w?
8
Suppose 3*c - 13 = 5. What is the greatest common divisor of 12 and c?
6
Suppose -45*h = -44*h - 252. Calculate the highest common factor of h and 36.
36
Let u be 4/10*(0 + 5). Calculate the greatest common divisor of u and 2.
2
Suppose 3*v = 4*k + 67, 3*k + 54 = 2*v + 8. Suppose 0 = n + 2*n. Suppose -z + v + 11 = n. What is the greatest common divisor of 14 and z?
14
Suppose 4*r + 5*r - 756 = 0. What is the greatest common divisor of 12 and r?
12
Let q be 1*((-4)/(-2) + -3). Let x be q/(-1)*0 - -7. Calculate the highest common divisor of x and 7.
7
Let y(w) = w**3 - 2*w**2 + 4*w - 2. Let i be y(3). Let q = i - 1. What is the highest common divisor of q and 198?
18
Let g be (47 - 0/1) + -2. Suppose -3*z = -3*b - g, 8 = 2*z - 5*b - 28. Calculate the greatest common divisor of z and 65.
13
Let q(w) = -6*w - 21. Let j be q(-12). What is the greatest common divisor of 34 and j?
17
Suppose -s + 229 = -46. Suppose -157 - s = -3*z. Calculate the highest common factor of z and 18.
18
Let g = 1 - -1. Suppose 6 = j - g. What is the highest common factor of j and 12?
4
Let o(i) = -5*i + 5. Let r be o(2). Let q be ((-2)/3)/(2/6). Let u = q - r. Calculate the highest common factor of u and 24.
3
Suppose -3*t + 146 = -5*o, -t + 30